+ -3)/((-3)/(-4)) - -1. Let i(d) = -3*d + 4 + f - 13 + 6. What is i(3)?
-7
Let g(s) = s**2 + 5*s - 1. Let n be 0/(-1)*(-16)/32 - 7. Determine g(n).
13
Let z(m) = 20*m**3 + m**2 + m + 1. Suppose 26*a - 5 = 25*a. Let q be -3*a/30*(-4)/(-2). Determine z(q).
-19
Let x(y) be the third derivative of -y**4/12 + y**3/2 - y**2. Let p(h) = -h**2 + 65*h + 1111. Let j be p(-14). What is x(j)?
-7
Let n(o) = -5*o + 23. Let b be (22/(-44))/((-1)/10). What is n(b)?
-2
Suppose -a - 15 = r, -3*a = -0*a - 4*r + 38. Let c be (-15 - a)/((-2)/12). Let d(q) = q**2 - 7*q + 7. Calculate d(c).
1
Let l(c) = -3*c**2 - 90*c - 93. Let t be l(-29). Let f(w) be the first derivative of -w**4/4 - 7*w**3/3 - 3*w**2 + 4*w + 2. What is f(t)?
4
Suppose 0 = 2*p - 3*p. Let u(t) be the third derivative of 5*t**2 + 1/60*t**5 + 0*t - 2/3*t**3 + 0*t**4 + 0. What is u(p)?
-4
Let l(f) = -12*f - 4. Suppose -7 = -3*c - 2*k, -5*c + 14 + 5 = -4*k. What is l(c)?
-40
Suppose -5*c = -l - 70, c - 2*l = l + 14. Suppose r + c = 3*r. Let n(h) = 1 + r*h**2 - 2*h**2 + 10*h - 6*h + h**3. Determine n(-3).
7
Let m(z) be the second derivative of 5*z + 0 - 1/3*z**3 + 0*z**2. Let r = 5 - 8. Determine m(r).
6
Let r = -1998 + 2000. Let f(q) = 13*q + 5. Calculate f(r).
31
Let s(u) = 12*u. Let p(m) = -4*m - 1. Let d(z) = -p(z) - s(z). Give d(-3).
25
Let p(v) = -v**2 - 6*v + 8. Let m(f) = -4*f - 7. Let s = 17 + -17. Let b be m(s). Give p(b).
1
Let d(o) = 4*o + 70. Let v be d(-17). Let c(k) = 3*k + 2 - 4*k + 0*k**2 + 7*k**2. Calculate c(v).
28
Let m(f) = 4*f**3 - 3*f**2 + 2*f - 3. Let z(o) = -13*o - 37. Let h be z(-3). Determine m(h).
21
Let m(s) be the third derivative of -s**4/8 - s**3 - 6*s**2. Let d be m(-7). Let o be 6/d - (-36)/(-15). Let i(w) = -w**3 + w**2 + 2*w + 2. Determine i(o).
10
Let x(g) = -g**3 - 3*g**2 + 2*g + 9. Let u be x(-2). Let f(p) = 5*p**2 + 1. Calculate f(u).
6
Let i(m) = -2*m + 16. Let d(c) = 3*c - 16. Let y(t) = -3*d(t) - 4*i(t). Let a = 187 + -196. What is y(a)?
-7
Let q(z) = z**3 - 3*z**2 - 3*z. Let v(g) = -g - 1. Let d be v(-13). Suppose -t - d = 3*t, -4*t + 24 = 4*r. Let w be 8/6*(r - 6). Determine q(w).
4
Let p(i) = 6*i**3 - 3. Let c(q) = 7*q**3 - 2. Let a(y) = -4*c(y) + 3*p(y). Determine a(1).
-11
Suppose 0 = -f - 2 + 9. Let l(c) be the first derivative of -1/2*c**2 + 6*c - 7. Give l(f).
-1
Let q(r) = -r**3 + 7*r**2 + 7*r - 8. Let h(g) = -3*g - 25. Let a be (-1)/(0 + (-4)/(-44)). Let v be h(a). What is q(v)?
-16
Let p(q) = 2*q**2 - q + 1. Let f(j) = 0 - 75*j**2 + 2 + 82*j**2 - j**3 + 0. Let m be f(7). Give p(m).
7
Suppose -5*j + 42 = -4*l, j + 15 = 5*j + 3*l. Suppose -4*y + j = 30. Let a(w) be the first derivative of w**3/3 + 5*w**2/2 - 7*w - 40. What is a(y)?
-1
Let a(b) be the second derivative of -b**5/120 + b**4/12 + 15*b**3/2 + 17*b. Let w(g) be the second derivative of a(g). What is w(3)?
-1
Let i(y) = 3*y**2 + 4*y - 1 + 4 - 2*y**2 + 0. Let w(q) = q**2 - 10*q - 24. Let z be w(12). Let a be (-3 - z)*(-3 - -4). Calculate i(a).
0
Suppose -19*y = -23*y. Let f(d) = -d**2 + d - 4. Calculate f(y).
-4
Let r(h) = -721 + 12*h - 16*h + 686. What is r(-10)?
5
Let q(d) = 2*d**3 - 2*d**2 - d - 1. Let z be q(2). Suppose -6*r = -20*r + 42. Let s(i) = 5*i**2 + 4 - i**r + 0*i**3 - 8. Calculate s(z).
-4
Let d = 22 + -19. Suppose -m = o - d, 4*m + o - 2*o = 17. Let i(a) = -a**3 + 7*a**2 - 6 - 4*a - 3*a**2 - 2*a**2 + m*a**2. Calculate i(5).
-1
Let q(a) = -2*a + 4. Let x(o) = -o**2 - 2*o + 4. Let c be x(0). Determine q(c).
-4
Let y(j) = 3*j + 3. Suppose 0 = -5*d + 5*q - 2 - 3, -4*q = d - 24. Let v = d - 7. Calculate y(v).
-6
Let a(t) be the third derivative of t**4/24 - t**3/2 + t**2 + 363. Suppose -6 = 2*g + 3*z + 2*z, -z = 0. Determine a(g).
-6
Let f = -16 + 18. Suppose -4*j + 18 + 2 = -4*b, 0 = f*b. Let r(o) = 2*o + 6. Let k(c) = c + 3. Let l(m) = 7*k(m) - 4*r(m). Determine l(j).
-8
Let y(w) = 18 - 16*w - 15*w - 22*w - 17*w + 68*w. Determine y(5).
8
Let r(a) = 16*a**3 - 58*a**2 - 20*a - 20. Let v(s) = 3*s**3 - 11*s**2 - 4*s - 4. Let b(x) = 2*r(x) - 11*v(x). Give b(6).
-8
Let i(u) = u + 15. Let g be i(12). Suppose -10*c = -c + g. Let q(m) = m**2 + 4*m + 1. Give q(c).
-2
Suppose 14*w - 6 = 12*w. Let z(c) be the second derivative of 7/6*c**w + 7*c + 0 + c**2. Determine z(-2).
-12
Let w = 10 + -10. Let l(y) = 2 - 2*y**2 + w + 34*y**3 - y - 33*y**3. Determine l(2).
0
Let y(i) = -i. Let g be y(0). Suppose x - 68 + 66 = g. Let b(n) = n**2 - n + 2. Calculate b(x).
4
Let f(x) = x**3 - 4*x**2 + 2*x + 3. Let u be 297/108 - 2/(-8). What is f(u)?
0
Let w(n) = 2*n - 9. Let g be w(8). Let m(c) = -c**2 + 9*c. Determine m(g).
14
Suppose -69 = -12*p + 27. Let b(h) = -2*h - 7. Calculate b(p).
-23
Let a(k) = 2*k + 8. Let g(h) = -h - 2. Let y(m) = a(m) + g(m). Let s = -8 - -13. Determine y(s).
11
Let w(p) = -p**3 - 9*p**2 - 13*p - 13. Let z(y) = y**3 + 9*y**2 + 13*y + 12. Let v(s) = -4*w(s) - 5*z(s). Give v(-8).
32
Let j(s) = -2*s**2 - 4*s - 2. Suppose -2*v - 2*f + 12 = -4*v, 4*v = -f - 9. Determine j(v).
-8
Let r(z) = -z**2 - 2*z - 1. Let x(a) = a**2 + 50*a + 265. Let t be x(-6). Calculate r(t).
-4
Suppose -3*u + 3*h = 42 - 60, 2*u + 6 = -4*h. Let i(s) be the first derivative of s**2/2 - s + 1. Determine i(u).
2
Let i(a) = -a**3 + 2*a**2 + 1. Let s be (-84)/(-24)*(40/7)/5. Give i(s).
-31
Suppose -5*i = -4*i - 89. Let h = i - 88. Let v(l) = 10*l. Calculate v(h).
10
Let r(u) = -2*u**2 + 5*u - 17. Let q(s) = 3 + 2*s + 14*s**2 - 15*s**2 - 12. Let f(z) = 5*q(z) - 3*r(z). What is f(4)?
2
Let m(o) = -1. Let z(r) = 2*r + 4. Let x(l) = 10*m(l) + z(l). Give x(5).
4
Let t(x) = -x**3 - 5*x**2 + 9*x + 8. Let i = 8 - -1. Let g be i/(-54) - (-110)/12. Suppose 5*c + g = -21. Calculate t(c).
-10
Let v(l) = -l**3 - 7*l**2 - 8*l - 6. Let h be (3 + (-6)/(-1))/((-24)/16). What is v(h)?
6
Let z(c) = c**2 + 8*c - 10. Let a be z(2). Let v(m) be the second derivative of m**4/12 - 5*m**3/3 - 5*m**2/2 - m. Give v(a).
-5
Let y(u) be the second derivative of -u**5/20 + 3*u**4/4 - 5*u**3/6 - 9*u**2/2 + 83*u + 3. Determine y(8).
15
Let a(q) = q**2 + 4*q - 3. Let w(l) = 5*l**2 + 17*l - 12. Let v(d) = 9*a(d) - 2*w(d). Let u be (-3)/(-12) + 0 - 7/(-4). Give v(u).
-3
Let d be 38/(-4) + 264/176. Let t(j) = -3*j + 7. What is t(d)?
31
Let l(v) = 4*v - 5. Let u(a) = -556 + 5*a + 554 - 4*a + 0*a. Let j(r) = 3*l(r) - 7*u(r). Calculate j(1).
4
Let a(y) be the first derivative of y**4/4 - 2*y**3/3 - y**2/2 + 2*y + 4. Let k(o) = 29*o + 85. Let v be k(-3). What is a(v)?
-12
Let p(j) = j**2 - 5*j - 11. Let w be 20/8*(4 - 5)*-2. Calculate p(w).
-11
Let w(x) be the second derivative of -x**5/20 - x**4/3 - x**3/6 - 9*x**2/2 - 79*x - 1. Calculate w(-4).
-5
Let b(q) = q**3 - 3*q**2 - 4. Let i(f) = -f**2 + f. Let v be i(-5). Let x = -28 - v. Suppose -l = -x*z - 11, l = 5*l + 2*z - 4. Give b(l).
-4
Let r(h) be the first derivative of -h**4/4 + 2*h**3 + 3*h**2/2 - 7*h - 137. What is r(6)?
11
Let o(x) = x**2 + 1. Let w(z) = -z + 3. Let l(f) = -2*o(f) + w(f). Let d be l(1). Let v(a) = a + 2. Give v(d).
0
Let b(t) = -4*t - 7*t**2 + 2 - t**2 + 10*t**2 + 2. Let c(a) = -a**2 + 3*a - 3. Let v(x) = -5*b(x) - 6*c(x). Give v(2).
-14
Let x = 21 + -17. Suppose s = 1, 0*s + x*s - 1 = z. Let f(u) = -2*u - u**3 + u - u**z. Determine f(1).
-3
Suppose t + 9 + 1 = 0. Let b = t + 10. Let v(o) = -1 - 1 + o + 1. What is v(b)?
-1
Let a(i) = -i**3 - i**2 + 2*i + 2. Suppose 0 = 29*n - 24*n + 10. Determine a(n).
2
Let f(l) be the first derivative of 15*l**2 + l + 314. Determine f(1).
31
Let k(p) be the first derivative of -p**5/60 - p**4/3 + p**3 + 2*p**2 - 12. Let g(y) be the second derivative of k(y). What is g(-9)?
-3
Let r(s) be the third derivative of -s**7/5040 + s**5/12 - 9*s**2. Let c(t) be the third derivative of r(t). Give c(2).
-2
Suppose t + 1 = -0*t. Let s be 4/(-3 + t)*-2. Let i be 2/(-2 - 0)*s. Let n(c) = -2*c + 2. What is n(i)?
6
Let p(k) = -57*k + 50. Let r(j) = 15*j - 1. Let v(w) = -p(w) - 4*r(w). What is v(-21)?
17
Let b(a) = -6 - 171*a - 5 + 8 + 1 + 164*a. What is b(-6)?
40
Let w(z) = z**3 - 2*z - 13. Let s(x) = x**3 - 2*x**2 - x - 12. Let c(n) = -3*s(n) + 2*w(n). What is c(6)?
4
Let k(p) be the third derivative of p**6/120 + p**5/12 + p**4/4 + p**3 - 195*p**2 + 1. Determine k(-4).
-2
Let p(k) = -k**3 + 2747*k**2 - 5488*k**2 + 2738*k**2 + 8*k - 11. Give p(-5).
-1
Le